44*i + 130747. What is w(59)?
3
Let i(x) = -15836*x - 269158. Calculate i(-17).
54
Let v(y) = 49*y**2 + 12740*y - 12793. What is v(-261)?
-4
Let u(v) = -75*v + 2944. Give u(54).
-1106
Let h(l) = -104751*l + 628595. Calculate h(6).
89
Let m(l) = l**3 - 93*l**2 - 283*l - 18. Calculate m(-3).
-33
Let a(c) = -c**3 + 179*c**2 + 79*c + 51152. Determine a(181).
-71
Let v(o) = -23*o**3 - 547*o**2 + 126*o + 161. Determine v(-24).
17
Let n(q) = -37508*q - 75036. Calculate n(-2).
-20
Let s(p) = 188208*p + 55897789. Determine s(-297).
13
Let j(b) = -165*b**2 - 26563*b + 296. What is j(-161)?
-26
Let s(m) = 711*m - 211834. What is s(298)?
44
Let s(y) = -y**2 - 276*y - 1501. What is s(-271)?
-146
Let c(v) = v**2 + 42*v - 752. What is c(-56)?
32
Let l(u) = 700*u + 52505. What is l(-75)?
5
Let c(b) = -3*b**3 - 30*b**2 - 25*b + 16. Give c(-11).
654
Let g(s) = -1928*s - 50121. What is g(-26)?
7
Let r(d) = 4*d**3 + 1293*d**2 - 5159*d + 9. What is r(4)?
317
Let r(o) = -21226*o + 39926107. Determine r(1881).
1
Let r(m) = -80107*m - 3364489. Give r(-42).
5
Let i(u) = 348290*u - 2438033. Calculate i(7).
-3
Let l(p) = -49*p**2 - 85*p + 2265. Calculate l(6).
-9
Let v(k) = -44*k**3 + 257*k**2 + 180*k - 839. What is v(6)?
-11
Let q(s) = 198*s - 46. Determine q(-6).
-1234
Let j(c) = -2*c**3 - 144*c**2 - 150*c - 635. What is j(-71)?
-67
Let k(f) = 2*f**2 - 250*f - 24066. Calculate k(-62).
-878
Let m(l) = 2049*l - 35207. Give m(18).
1675
Let d(f) = 55*f**2 + 620*f + 24. Determine d(0).
24
Let u(h) = -5*h**3 + 1910*h**2 - 9409*h - 6019. Determine u(377).
13
Let h(y) = -y**3 - 84*y**2 - 1440*y + 120. What is h(-60)?
120
Let g(h) = -12611*h + 844893. Give g(67).
-44
Let d(l) = -5*l**3 + 47*l**2 + 16*l - 70. Calculate d(9).
236
Let h(x) = 26*x**2 + 899*x - 253. Give h(-35).
132
Let w(i) = -25795*i + 77389. Calculate w(3).
4
Let h(r) = 21*r**3 + 2*r**2 + 9*r - 12. Give h(3).
600
Let a(y) = 8*y**2 + 384*y + 1. Calculate a(-49).
393
Let j(w) = -684*w - 359103. What is j(-525)?
-3
Let k(b) = -3*b**2 + 84*b + 1428. Determine k(47).
-1251
Let v(m) = m**3 + 11*m**2 - 204*m - 2277. Calculate v(-15).
-117
Let k(c) = -680444*c + 2721777. What is k(4)?
1
Let x(f) = 3*f**3 + 763*f**2 + 2511*f + 330. Calculate x(-251).
79
Let j(o) = 3*o**3 - 35*o**2 + 25*o + 553. Give j(16).
4281
Let i(u) = -13*u**2 - 3641*u + 10962. What is i(3)?
-78
Let s(f) = 3*f**3 - 57*f**2 + 141*f - 673. Determine s(17).
-10
Let m(w) = -327*w + 1688. What is m(7)?
-601
Let v(z) = 121*z + 754. Calculate v(2).
996
Let p(s) = -9*s**3 - 170*s**2 + 189*s - 219. Determine p(-20).
1
Let b(z) = 47104*z - 989145. Give b(21).
39
Let v(z) = 20136*z - 1832397. Determine v(91).
-21
Let z(y) = 103587*y + 517936. What is z(-5)?
1
Let q(x) = x**2 + 95*x - 2921. Calculate q(17).
-1017
Let m(n) = -3594*n + 43247. Calculate m(12).
119
Let x(d) = d**2 + 45*d - 282. Give x(6).
24
Let o(w) = -2*w**3 - 321*w**2 - 9*w - 26351. What is o(-161)?
1019
Let x(r) = 9*r**2 + 108*r + 180. Give x(-11).
81
Let m(b) = -499*b + 21770. Determine m(43).
313
Let x(i) = -11*i**2 - 260*i - 157. Give x(-23).
4
Let d(j) = 4*j**2 + 647*j - 10100. Calculate d(16).
1276
Let p(l) = l**3 - 18*l**2 - 311*l + 133. Give p(29).
365
Let s(o) = -o**3 + 74*o**2 - 1052*o + 383. Calculate s(55).
-2
Let p(u) = -10*u**3 - 48*u**2 - 7*u - 96. Determine p(-8).
2008
Let o(r) = 424*r + 27523. What is o(-65)?
-37
Let c(x) = 327*x - 2243. Calculate c(4).
-935
Let n(h) = 1648*h - 41165. What is n(25)?
35
Let i(y) = 2*y**3 + 76*y**2 - 832*y - 20829. Calculate i(-42).
3
Let r(w) = -16*w**3 + 209*w**2 - 11*w + 19. What is r(13)?
45
Let m(v) = 27*v**2 + 258*v + 1052. Calculate m(-4).
452
Let k(b) = -b**2 + 462*b - 41950. Determine k(338).
-38
Let d(s) = -s**3 + 3*s**2 + 2013*s - 2013. Give d(1).
2
Let r(q) = -2*q**3 + 1276*q**2 - 16253*q + 1857. Give r(625).
-18
Let v(r) = -3*r**2 + 3700*r - 88. Give v(0).
-88
Let n(i) = -i**3 - 50*i**2 - 660*i - 29952. What is n(-49)?
-13
Let s(r) = -305*r + 3611. Give s(10).
561
Let x(w) = -2932*w + 149573. Determine x(51).
41
Let q(y) = -y**3 - 8*y**2 - 12646*y - 101169. What is q(-8)?
-1
Let u(a) = a**3 + 47*a**2 + 4*a + 16639. Give u(-53).
-427
Let b(v) = 5*v**3 - 614*v**2 - 3144*v + 280. Calculate b(-5).
25
Let d(v) = 86*v**2 - 12190*v - 3074. What is d(142)?
50
Let t(p) = -297*p + 5670. Determine t(20).
-270
Let j(c) = 14771*c - 103123. Give j(7).
274
Let b(g) = -g**3 - 64*g**2 + 259*g - 248. Calculate b(-68).
636
Let u(t) = 113*t + 6148. Give u(-57).
-293
Let z(y) = 14333*y - 71659. Determine z(5).
6
Let c(a) = -580*a + 41182. Give c(71).
2
Let d(y) = -y**3 - 27*y**2 + 435*y + 1101. Determine d(13).
-4
Let u(f) = 513*f**3 - 40*f**2 + 137*f + 178. Give u(-1).
-512
Let d(w) = 1167*w**2 + 799397*w + 1358. Give d(-685).
-12
Let a(g) = 10*g**3 + 50*g**2 + 915*g - 2039. Determine a(2).
71
Let x(n) = -145*n**3 - 14654*n**2 - 909*n - 8. Calculate x(-101).
-8
Let h(b) = -7*b**2 + 186*b + 4310. What is h(-19)?
-1751
Let v(i) = -17*i**3 + 8671*i**2 - 26023*i + 5. Give v(3).
-484
Let i(a) = 1437*a - 109614. Calculate i(77).
1035
Let g(x) = -5*x**3 + 169*x**2 + 21*x + 419. Give g(34).
-23
Let f(v) = -63953*v + 127908. Determine f(2).
2
Let w(p) = -p**3 + 2*p**2 - 102*p - 912. Give w(-6).
-12
Let j(f) = -f**3 - 400*f**2 + 28*f + 12. Give j(0).
12
Let y(b) = 3102*b + 5734. What is y(-2)?
-470
Let i(j) = 4*j**3 + 60*j**2 + 90*j + 123. Determine i(-14).
-353
Let x(g) = -g**3 - 327*g**2 + 905*g - 28182. Calculate x(-330).
-132
Let w(v) = 472*v**3 - 15*v**2 - 355*v - 341. Determine w(-1).
-473
Let i(b) = b**2 - 29759*b + 148759. Determine i(5).
-11
Let y(r) = -477*r + 11857. Determine y(25).
-68
Let n(k) = 7*k**2 - 31769*k + 190592. What is n(6)?
230
Let h(x) = -12*x**3 - 4*x**2 - 9079*x + 27284. Determine h(3).
-313
Let n(k) = 3*k**2 - 736*k - 62391. Give n(312).
9
Let l(r) = -530*r - 11285. Determine l(-22).
375
Let k(m) = 4*m**3 + 144*m**2 - m + 45. Give k(-36).
81
Let l(f) = -f**3 + 14*f**2 + 150921*f - 2112890. What is l(14)?
4
Let b(w) = w**2 - 7278*w - 1327164. What is b(-178)?
4
Let b(x) = -8*x**3 + 38*x**2 - 476*x + 2365. Give b(5).
-65
Let l(q) = -7*q**2 - 947*q + 85614. Determine l(62).
-8
Let w(o) = 2729*o + 513065. Give w(-188).
13
Let y(l) = -9*l**3 - 17*l**2 - 47*l - 12. Give y(-3).
219
Let p(a) = -5*a**2 - 253*a - 322. Determine p(-50).
-172
Let g(h) = -h**3 - 180*h**2 - 4421*h + 6121. Give g(-31).
-17
Let d(m) = -m**2 - 400*m - 39936. Give d(-208).
0
Let t(d) = -2*d**2 + 282*d - 5231. Give t(23).
197
Let a(s) = -3*s**3 + 2*s**2 - 3198*s - 19768. What is a(-6)?
140
Let t(z) = -505*z**3 - 13130*z**2 - 219*z - 5710. Calculate t(-26).
-16
Let y(q) = q**2 - 3810*q - 11444. Give y(-3).
-5
Let w(j) = 59*j**2 + 172*j + 1. Determine w(0).
1
Let x(g) = -16*g**3 - 63*g**2 - 8*g + 12. Determine x(-4).
60
Let r(p) = p**2 - 90872*p - 2272356. Give r(-25).
69
Let v(l) = 11*l**2 - 7887*l + 77738. Calculate v(10).
-32
Let c(k) = -k**3 - 1388*k**2 + 43983*k - 8502. Give c(-1419).
12
Let p(o) = 23675*o + 1065394. What is p(-45)?
19
Let f(j) = 4*j**3 + 238*j**2 + 594*j + 1379. Give f(-57).
11
Let n(g) = -13314*g + 93123. Give n(7).
-75
Let u(a) = 3*a**3 - 111*a**2 - 241*a - 4727. Calculate u(40).
33
Let r(k) = -7*k**2 - 94*k - 436. What is r(-8)?
-132
Let b(z) = 2*z**3 - 125*z**2 + 1137*z - 75602. Determine b(63).
-2
Let a(x) = 983*x**3 - 236*x**2 + 236*x - 1. What is a(1)?
982
Let d(k) = -1337*k - 12759. Calculate d(-11).
1948
Let x(c) = -6*c**2 - 382*c - 1514. Give x(-59).
138
Let j(s) = 2*s**3 + 14*s**2 - 15*s - 113. What is j(-6)?
49
Let s(w) = -10415*w - 145818. Give s(-14).
-8
Let b(a) = -6*a**3 - 4019*a**2 + 12795*a + 5388. What is b(-673)?
4
Let a(b) = -59*b + 4727. What is a(83)?
-170
Let x(j) = 665*j + 248720. What is x(-374)?
10
Let b(g) = -g**3 + 540*g**2 + 10606*g + 8606. Give b(559).
221
Let w(v) = -2*v**3 + 94*v**2 - 5177*v + 233914. What is w(46)?
4
Let f(r) = -9346*r + 57583. Give f(6).
1507
Let s(j) = 19795*j - 118803. Give s(6).
-33
Let s(z) = 820*z - 7552. Determine s(8).
-992
Let o(n) = -359*n**2 + 1404*n + 133. Give o(4).
5
Let h(q) = -2*q**3 + 2*q**2 + 258*q - 26. Determine h(-12).
622
Let m(r) = -6*r**2 + 346*r + 110. What is m(58)?
-6
Let c(l) = 4*l**3 + 569*l**2 - 1594*l - 186. Calculate c(-145).
-331
Let x(a) = a**2 - 183*a - 3586. Ca